{"id":1705,"date":"2025-06-12T00:49:32","date_gmt":"2025-06-11T23:49:32","guid":{"rendered":"https:\/\/martingagnon.net\/collection\/?page_id=1705"},"modified":"2026-02-09T00:44:31","modified_gmt":"2026-02-08T23:44:31","slug":"pharmacies-cantons-de-lest","status":"publish","type":"page","link":"https:\/\/martingagnon.net\/collection\/pharmacies-cantons-de-lest\/","title":{"rendered":"Pharmacies \/ Cantons-de-l&rsquo;Est"},"content":{"rendered":"<div class=\"groupe\">\n<h3 class=\"sous_titre\">BEDFORD<\/h3>\n<div class=\"bloc_wrapper\">\n<div class=\"bouteille modele_1_vertical gauche\">\n<div class=\"titre_bouteille\">Pharmacie Saunders<\/div>\n<p><img decoding=\"async\" src=\"..\/images\/phcie_saunders_bedford.jpg\" width=\"426\"><\/p>\n<\/div>\n<p><br style=\"clear:both;\"><\/p>\n<\/div>\n<\/div>\n<div class=\"groupe\">\n<h3 class=\"sous_titre\">COATICOOK<\/h3>\n<div class=\"bloc_wrapper\">\n<div class=\"bouteille modele_1_vertical gauche\">\n<div class=\"titre_bouteille\">Dr I. D. Telmosse<\/div>\n<p><img decoding=\"async\" src=\"..\/images\/dr_telmosse.jpg\" width=\"426\"><\/p>\n<\/div>\n<p><br style=\"clear:both;\"><\/p>\n<\/div>\n<\/div>\n<div class=\"groupe\">\n<h3 class=\"sous_titre\">COOKSHIRE<\/h3>\n<div class=\"bloc_wrapper\">\n<div class=\"bouteille modele_1_vertical gauche\">\n<div class=\"titre_bouteille\">Dr A. Johnston<\/div>\n<p><img decoding=\"async\" src=\"..\/images\/johnston_dr_a.JPG\" width=\"426\"><\/p>\n<\/div>\n<div class=\"bouteille modele_1_vertical droite\">\n<div class=\"titre_bouteille\">Dr Aur\u00e8le L\u00e9pine<\/div>\n<p><img decoding=\"async\" src=\"..\/images\/37997970096_b5cc83e78a_z.jpg\" width=\"426\"><\/p>\n<\/div>\n<p><br style=\"clear:both;\"><\/p>\n<\/div>\n<\/div>\n<div class=\"groupe\">\n<h3 class=\"sous_titre\">COWANSVILLE<\/h3>\n<div class=\"bloc_wrapper\">\n<div class=\"bouteille modele_1_vertical gauche\">\n<div class=\"titre_bouteille\">Pharmacie Brault &#8211; Bo\u00eete de prescription<\/div>\n<p><img decoding=\"async\" src=\"..\/images\/phcie_brault_bte.jpg\" width=\"426\"><\/p>\n<\/div>\n<div class=\"bouteille modele_1_vertical droite\">\n<div class=\"titre_bouteille\">Pharmacie Brault &#8211; Bouteille de prescription<\/div>\n<p><img decoding=\"async\" src=\"..\/images\/phcie_brault_btle.jpg\" width=\"426\"><\/p>\n<\/div>\n<p><br style=\"clear:both;\"><\/p>\n<\/div>\n<hr>\n<div class=\"bloc_wrapper\">\n<div class=\"bouteille modele_1_vertical gauche\">\n<div class=\"titre_bouteille\">G. W. Johnston<\/div>\n<p><img decoding=\"async\" src=\"..\/images\/36729526743_c94f415670_z.jpg\" width=\"426\"><\/p>\n<\/div>\n<p><br style=\"clear:both;\"><\/p>\n<\/div>\n<\/div>\n<div class=\"groupe\">\n<h3 class=\"sous_titre\">KNOWLTON<\/h3>\n<div class=\"bloc_wrapper\">\n<div class=\"bouteille modele_1_vertical gauche\">\n<div class=\"titre_bouteille\">Knowlton Drug Store<\/div>\n<p><img decoding=\"async\" src=\"..\/images\/knowlton_drug_store.jpg\" width=\"426\"><\/p>\n<\/div>\n<p><br style=\"clear:both;\"><\/p>\n<\/div>\n<\/div>\n<div class=\"groupe\">\n<h3 class=\"sous_titre\">LENNOXVILLE<\/h3>\n<div class=\"bloc_wrapper\">\n<div class=\"bouteille modele_1_vertical gauche\">\n<div class=\"titre_bouteille\">W. J. H. McKindsey, Lennoxville<\/div>\n<p><img decoding=\"async\" src=\"..\/images\/38051358361_b8a4a1d25f_z.jpg\" width=\"426\"><\/p>\n<\/div>\n<div class=\"bouteille modele_1_vertical droite\">\n<div class=\"titre_bouteille\">W. J. H. McKindsey, Lennoxville<\/div>\n<p><img decoding=\"async\" src=\"..\/images\/38051352411_fe4ce18d69_z.jpg\" width=\"426\"><\/p>\n<\/div>\n<p><br style=\"clear:both;\"><\/p>\n<\/div>\n<div class=\"bloc_wrapper\">\n<div class=\"bouteille modele_1_vertical gauche\">\n<div class=\"titre_bouteille\">W. J. H. McKindsey, Lennoxville<\/div>\n<p><img decoding=\"async\" src=\"..\/images\/38051365901_05194ee2f1_z.jpg\" width=\"426\"><\/p>\n<\/div>\n<p><br style=\"clear:both;\"><\/p>\n<\/div>\n<hr>\n<div class=\"bloc_wrapper\">\n<div class=\"bouteille modele_1_vertical gauche\">\n<div class=\"titre_bouteille\">Lennoxville Drug Store<\/div>\n<p><img decoding=\"async\" src=\"..\/images\/phcie_lennoxville_drug_store.jpg\" width=\"426\"><\/p>\n<\/div>\n<p><br style=\"clear:both;\"><\/p>\n<\/div>\n<hr>\n<div class=\"bloc_wrapper\">\n<div class=\"bouteille modele_1_vertical gauche\">\n<div class=\"titre_bouteille\">Clark (Lennoxville) \u2013 Pot de pilules<\/div>\n<p><img decoding=\"async\" src=\"..\/images\/phcie_clark_lennoxville.jpg\" width=\"426\"><\/p>\n<\/div>\n<p><br style=\"clear:both;\"><\/p>\n<\/div>\n<\/div>\n<div class=\"groupe\">\n<h3 class=\"sous_titre\">MAGOG<\/h3>\n<div class=\"bloc_wrapper\">\n<div class=\"bouteille modele_1_vertical gauche\">\n<div class=\"titre_bouteille\">Magog Rexall Pharmacy, Rodolphe \u00c9thier<\/div>\n<p><img decoding=\"async\" src=\"..\/images\/ohcie_rodolphe_ethier_magog.jpg\" width=\"426\"><\/p>\n<\/div>\n<p><br style=\"clear:both;\"><\/p>\n<\/div>\n<\/div>\n<div class=\"groupe\">\n<h3 class=\"sous_titre\">SHERBROOKE<\/h3>\n<div class=\"bloc_wrapper\">\n<div class=\"bouteille modele_1_vertical gauche\">\n<div class=\"titre_bouteille\">F. T. Ansell \u2013 Bouteille de prescription<\/div>\n<p><img decoding=\"async\" src=\"..\/images\/phcie_ansell_bim1.jpg\" width=\"426\"><\/p>\n<\/div>\n<div class=\"bouteille modele_1_vertical droite\">\n<div class=\"titre_bouteille\">F. T. Ansell \u2013 Bouteille de prescription<\/div>\n<p><img decoding=\"async\" src=\"..\/images\/phcie_ansell_bim2.jpg\" width=\"426\"><\/p>\n<\/div>\n<p><br style=\"clear:both;\"><\/p>\n<\/div>\n<div class=\"bloc_wrapper\">\n<div class=\"bouteille modele_1_vertical gauche\">\n<div class=\"titre_bouteille\">Ansell\u2019s Drug Store \u2013 Bouteille g\u00e9n\u00e9rique<\/div>\n<div class=\"slider\"><img decoding=\"async\" src=\"..\/images\/18436456184_2d70186839_z.jpg\" width=\"426\"><img decoding=\"async\" src=\"..\/images\/33421627362_44cdfbdd33_z.jpg\" width=\"426\"><\/div>\n<\/div>\n<div class=\"bouteille modele_1_vertical droite\">\n<div class=\"titre_bouteille\">Ansell\u2019s Drug Store \u2013 Glyc\u00e9rine<\/div>\n<p><img decoding=\"async\" src=\"..\/images\/19040266731_0827ee8e33_z.jpg\" width=\"426\"><\/p>\n<\/div>\n<p><br style=\"clear:both;\"><\/p>\n<\/div>\n<div class=\"bloc_wrapper\">\n<div class=\"bouteille modele_1_vertical gauche\">\n<div class=\"titre_bouteille\">Ansell\u2019s Drug Store \u2013 Pot de cr\u00e8me<\/div>\n<p><img decoding=\"async\" src=\"..\/images\/18849475488_22fa072d7f_z.jpg\" width=\"426\"><\/p>\n<\/div>\n<div class=\"bouteille modele_1_vertical droite\">\n<div class=\"titre_bouteille\">Ansell\u2019s Drug Store \u2013 Skunk Oil<\/div>\n<p><img decoding=\"async\" src=\"..\/images\/18414591594_b6356c99f6_z.jpg\" width=\"426\"><\/p>\n<\/div>\n<p><br style=\"clear:both;\"><\/p>\n<\/div>\n<div class=\"bloc_wrapper\">\n<div class=\"bouteille modele_2_horizontal\">\n<div class=\"titre_bouteille pleine_largeur\">Ansell\u2019s Drug Store \u2013 Bo\u00eetes<\/div>\n<div class=\"modele_2_crop\"><img decoding=\"async\" src=\"..\/images\/29145561672_d5e8a332e9_b.jpg\" width=\"881px\"><\/div>\n<\/div>\n<p><br style=\"clear:both;\"><\/p>\n<\/div>\n<div class=\"bloc_wrapper\">\n<div class=\"bouteille modele_1_vertical gauche\">\n<div class=\"titre_bouteille\">Ansell\u2019s Drug Store \u2013 Facture 1963<\/div>\n<p><img decoding=\"async\" src=\"..\/images\/phcie_ansell_fact1963.jpg\" width=\"426\"><\/p>\n<\/div>\n<p><br style=\"clear:both;\"><\/p>\n<\/div>\n<hr>\n<div class=\"bloc_wrapper\">\n<div class=\"bouteille modele_1_vertical gauche\">\n<div class=\"titre_bouteille\">DuBerger\u2019s Drugstore \u2013 Bouteille g\u00e9n\u00e9rique<\/div>\n<p><img decoding=\"async\" src=\"..\/images\/18871271900_e09e99283e_z.jpg\" width=\"426\"><\/p>\n<\/div>\n<div class=\"bouteille modele_1_vertical droite\">\n<div class=\"titre_bouteille\">DuBerger\u2019s Drugstore &#8211; Bouteille de prescription Juniper Oil<\/div>\n<p><img decoding=\"async\" src=\"..\/images\/duberger_juniper_oil.jpg\" width=\"426\"><\/p>\n<\/div>\n<p><br style=\"clear:both;\"><\/p>\n<\/div>\n<div class=\"bloc_wrapper\">\n<div class=\"bouteille modele_2_horizontal\">\n<div class=\"titre_bouteille pleine_largeur\">DuBerger\u2019s Drugstore &#8211; Bloc d&rsquo;impression<\/div>\n<div class=\"modele_2_crop\"><img decoding=\"async\" src=\"..\/images\/18658892818_3d5f2ca142_z.jpg\" width=\"881px\" style=\"margin: -200px 0 0 0;\"><\/div>\n<\/div>\n<p><br style=\"clear:both;\"><\/p>\n<\/div>\n<div class=\"bouteille modele_1_vertical gauche\">\n<div class=\"titre_bouteille\">DuBerger\u2019s Drugstore &#8211; Bloc d&rsquo;impression<\/div>\n<p><img decoding=\"async\" src=\"..\/images\/18658944880_9216f8eff6_z.jpg\" width=\"426\"><\/p>\n<\/div>\n<p><br style=\"clear:both;\"><\/p>\n<hr>\n<div class=\"bloc_wrapper\">\n<div class=\"bouteille modele_1_vertical gauche\">\n<div class=\"titre_bouteille\">E. C. Fraser &#8211; \u0292vi<\/div>\n<p><img decoding=\"async\" src=\"..\/images\/20114164732_603aebf203_z.jpg\" width=\"426\"><\/p>\n<\/div>\n<div class=\"bouteille modele_1_vertical droite\">\n<div class=\"titre_bouteille\">E. C. Fraser &#8211; \u0292i<\/div>\n<p><img decoding=\"async\" src=\"..\/images\/20119641842_27e9931391_z.jpg\" width=\"426\"><\/p>\n<\/div>\n<p><br style=\"clear:both;\"><\/p>\n<\/div>\n<div class=\"bloc_wrapper\">\n<div class=\"bouteille modele_1_vertical gauche\">\n<div class=\"titre_bouteille\">E. C. Fraser<\/div>\n<p><img decoding=\"async\" src=\"..\/images\/phcie_fraser_2e_version.jpg\" width=\"426\"><\/p>\n<\/div>\n<p><br style=\"clear:both;\"><\/p>\n<\/div>\n<hr>\n<div class=\"bloc_wrapper\">\n<div class=\"bouteille modele_1_vertical gauche\">\n<div class=\"titre_bouteille\">Pharmacie Richard (Curall)<\/div>\n<p><img decoding=\"async\" src=\"..\/images\/phcie_richards.jpg\" width=\"426\"><\/p>\n<\/div>\n<p><br style=\"clear:both;\"><\/p>\n<\/div>\n<hr>\n<div class=\"bloc_wrapper\">\n<div class=\"bouteille modele_1_vertical gauche\">\n<div class=\"titre_bouteille\">H. Budning \u2013 Boro-thylol<\/div>\n<p><img decoding=\"async\" src=\"..\/images\/18414602004_5cfb459921_z.jpg\" width=\"426\"><\/p>\n<\/div>\n<div class=\"bouteille modele_1_vertical droite\">\n<div class=\"titre_bouteille\">H. Budning \u2013 Pot de cr\u00e8me<\/div>\n<p><img decoding=\"async\" src=\"..\/images\/18416476663_3cb3d3fdaa_z.jpg\" width=\"426\"><\/p>\n<\/div>\n<p><br style=\"clear:both;\"><\/p>\n<\/div>\n<div class=\"bloc_wrapper\">\n<div class=\"bouteille modele_1_vertical gauche\">\n<div class=\"titre_bouteille\">H. Budning \u2013 Castor Oil<\/div>\n<p><img decoding=\"async\" src=\"..\/images\/budning_phcie1.jpg\" width=\"426\"><\/p>\n<\/div>\n<div class=\"bouteille modele_1_vertical droite\">\n<div class=\"titre_bouteille\">H. Budning \u2013 Castor Oil<\/div>\n<p><img decoding=\"async\" src=\"..\/images\/budning_phcie2.jpg\" width=\"426\"><\/p>\n<\/div>\n<p><br style=\"clear:both;\"><\/p>\n<\/div>\n<div class=\"bloc_wrapper\">\n<div class=\"bouteille modele_2_horizontal\">\n<div class=\"titre_bouteille pleine_largeur\">H. Budning \u2013 Cendrier<\/div>\n<p><img decoding=\"async\" src=\"..\/images\/32735357874_0a1c453700_z.jpg\" width=\"881px\"><\/p>\n<\/div>\n<p><br style=\"clear:both;\"><\/p>\n<\/div>\n<div class=\"bloc_wrapper\">\n<div class=\"bouteille modele_1_vertical gauche\">\n<div class=\"titre_bouteille\">Pharmacie Budning&rsquo;s \u2013 Facture 1963<\/div>\n<p><img decoding=\"async\" src=\"..\/images\/phcie_budning_fact1963.jpg\" width=\"426\"><\/p>\n<\/div>\n<p><br style=\"clear:both;\"><\/p>\n<\/div>\n<hr>\n<div class=\"bloc_wrapper\">\n<div class=\"bouteille modele_1_vertical gauche\">\n<div class=\"titre_bouteille\">W. H. Griffith \u2013 Witch-Hazel<\/div>\n<p><img decoding=\"async\" src=\"..\/images\/griffith_witch.JPG\" width=\"426\"><\/p>\n<\/div>\n<div class=\"bouteille modele_1_vertical droite\">\n<div class=\"titre_bouteille\">W. H. Griffith \u2013 Spirits of Camphor<\/div>\n<p><img decoding=\"async\" src=\"..\/images\/33449336621_77bf8b6e43_z.jpg\" width=\"426\"><\/p>\n<\/div>\n<p><br style=\"clear:both;\"><\/p>\n<\/div>\n<div class=\"bloc_wrapper\">\n<div class=\"bouteille modele_1_vertical gauche\">\n<div class=\"titre_bouteille\">W. H. Griffith \u2013 Bo\u00eete de pilules<\/div>\n<p><img decoding=\"async\" src=\"..\/images\/griffith_boitepilules.jpg\" width=\"426\"><\/p>\n<\/div>\n<p><br style=\"clear:both;\"><\/p>\n<\/div>\n<hr>\n<div class=\"bloc_wrapper\">\n<div class=\"bouteille modele_1_vertical gauche\">\n<div class=\"titre_bouteille\">Pharmacie Chagnon &#8211; Bouteille de prescription<\/div>\n<p><img decoding=\"async\" src=\"..\/images\/phcie_chagnon1.jpg\" width=\"426\"><\/p>\n<\/div>\n<div class=\"bouteille modele_1_vertical droite\">\n<div class=\"titre_bouteille\">Pharmacie Chagnon &#8211; Bouteille de prescription<\/div>\n<p><img decoding=\"async\" src=\"..\/images\/phcie_chagnon2.jpg\" width=\"426\"><\/p>\n<\/div>\n<p><br style=\"clear:both;\"><\/p>\n<\/div>\n<div class=\"bloc_wrapper\">\n<div class=\"bouteille modele_1_vertical gauche\">\n<div class=\"titre_bouteille\">Pharmacie Chagnon &#8211; Bouteille de prescription<\/div>\n<p><img decoding=\"async\" src=\"..\/images\/phcie_chagnon3.jpg\" width=\"426\"><\/p>\n<\/div>\n<div class=\"bouteille modele_1_vertical droite\">\n<div class=\"titre_bouteille\">Pharmacie Chagnon<\/div>\n<p><img decoding=\"async\" src=\"..\/images\/phcie_chagnon.jpg\" width=\"426\"><\/p>\n<\/div>\n<p><br style=\"clear:both;\"><\/p>\n<\/div>\n<div class=\"bloc_wrapper\">\n<div class=\"bouteille modele_2_horizontal gauche\">\n<div class=\"titre_bouteille pleine_largeur\">R\u00e8gle Pharmacie Chagnon<\/div>\n<p><img decoding=\"async\" src=\"..\/images\/30250281062_3e1871e53f_b.jpg\" width=\"881px\"><\/p>\n<\/div>\n<p><br style=\"clear:both;\"><\/p>\n<\/div>\n<hr>\n<div class=\"bloc_wrapper\">\n<div class=\"bouteille modele_2_horizontal\">\n<div class=\"titre_bouteille pleine_largeur\">Pharmacie Gaudet \u2013 Bo\u00eete de prescriptions<\/div>\n<p><img decoding=\"async\" src=\"..\/images\/18025935049_967e002934_z.jpg\" width=\"881px\"><\/p>\n<\/div>\n<p><br style=\"clear:both;\"><\/p>\n<\/div>\n<div class=\"bloc_wrapper\">\n<div class=\"bouteille modele_1_vertical gauche\">\n<div class=\"titre_bouteille\">Pharmacie Gaudet \u2013 \u0292vii<\/div>\n<p><img decoding=\"async\" src=\"..\/images\/phcie_gaudet_2.jpg\" width=\"426\"><\/p>\n<\/div>\n<div class=\"bouteille modele_1_vertical droite\">\n<div class=\"titre_bouteille\">Pharmacie Gaudet \u2013 \u0292xvi<\/div>\n<p><img decoding=\"async\" src=\"..\/images\/33812489880_c49386f223_z.jpg\" width=\"426\"><\/p>\n<\/div>\n<p><br style=\"clear:both;\"><\/p>\n<\/div>\n<div class=\"bloc_wrapper\">\n<div class=\"bouteille modele_1_vertical gauche\">\n<div class=\"titre_bouteille\">Pharmacie Gaudet \u2013 \u0292iv<\/div>\n<p><img decoding=\"async\" src=\"..\/images\/phcie_gaudet_3iv.jpg\" width=\"426\"><\/p>\n<\/div>\n<p><br style=\"clear:both;\"><\/p>\n<\/div>\n<hr>\n<div class=\"bloc_wrapper\">\n<div class=\"bouteille modele_1_vertical gauche\">\n<div class=\"titre_bouteille\">Pharmacie Belmont \u2013 Bouteille de prescription<\/div>\n<p><img decoding=\"async\" src=\"..\/images\/phcie_belmont.jpg\" width=\"426\"><\/p>\n<\/div>\n<p><br style=\"clear:both;\"><\/p>\n<\/div>\n<hr>\n<div class=\"bloc_wrapper\">\n<div class=\"bouteille modele_1_vertical gauche\">\n<div class=\"titre_bouteille\">J. R. McBain &#8211; Verre doseur<\/div>\n<p><img decoding=\"async\" src=\"..\/images\/mcbain_doseglass.jpg\" width=\"426\"><\/p>\n<\/div>\n<p><br style=\"clear:both;\"><\/p>\n<\/div>\n<\/div>\n<div class=\"groupe\">\n<h3 class=\"sous_titre\">WATERLOO<\/h3>\n<div class=\"bloc_wrapper\">\n<div class=\"bouteille modele_1_vertical gauche\">\n<div class=\"titre_bouteille\">Dr Earl M. Blake<\/div>\n<p><img decoding=\"async\" src=\"..\/images\/phcie_blake_waterloo_1.JPG\" width=\"426\"><\/p>\n<\/div>\n<div class=\"bouteille modele_1_vertical droite\">\n<div class=\"titre_bouteille\">Dr Earl M. Blake<\/div>\n<p><img decoding=\"async\" src=\"..\/images\/phcie_blake_waterloo_2.JPG\" width=\"426\"><\/p>\n<\/div>\n<p><br style=\"clear:both;\"><\/p>\n<\/div>\n<div class=\"bloc_wrapper\">\n<div class=\"bouteille modele_1_vertical gauche\">\n<div class=\"titre_bouteille\">Dr Earl M. Blake<\/div>\n<p><img decoding=\"async\" src=\"..\/images\/phcie_blake_waterloo_acid_carbolic.jpg\" width=\"426\"><\/p>\n<\/div>\n<div class=\"bouteille modele_1_vertical droite\">\n<div class=\"titre_bouteille\">Dr Earl M. Blake &#8211; Livret de prescription<\/div>\n<p><img decoding=\"async\" src=\"..\/images\/blake_prescription_pad.jpg\" width=\"426\"><\/p>\n<\/div>\n<p><br style=\"clear:both;\"><\/p>\n<\/div>\n<div class=\"bloc_wrapper\">\n<div class=\"bouteille modele_1_vertical gauche\">\n<div class=\"titre_bouteille\">Pharmacie Robert<\/div>\n<p><img decoding=\"async\" src=\"..\/images\/phcie_robert_waterloo_boite.jpg\" width=\"426\"><\/p>\n<\/div>\n<p><br style=\"clear:both;\"><\/p>\n<\/div>\n<\/div>\n","protected":false},"excerpt":{"rendered":"<p>BEDFORD Pharmacie Saunders COATICOOK Dr I. D. Telmosse COOKSHIRE Dr A. Johnston Dr Aur\u00e8le L\u00e9pine COWANSVILLE Pharmacie Brault &#8211; Bo\u00eete de prescription Pharmacie Brault &#8211; Bouteille de prescription G. W. Johnston KNOWLTON Knowlton Drug Store LENNOXVILLE W. J. H. McKindsey, Lennoxville W. J. H. McKindsey, Lennoxville W. J. H. McKindsey, Lennoxville Lennoxville Drug Store Clark [&hellip;]<\/p>\n","protected":false},"author":1,"featured_media":0,"parent":0,"menu_order":0,"comment_status":"closed","ping_status":"closed","template":"","meta":{"footnotes":""},"class_list":["post-1705","page","type-page","status-publish","hentry"],"_links":{"self":[{"href":"https:\/\/martingagnon.net\/collection\/wp-json\/wp\/v2\/pages\/1705","targetHints":{"allow":["GET"]}}],"collection":[{"href":"https:\/\/martingagnon.net\/collection\/wp-json\/wp\/v2\/pages"}],"about":[{"href":"https:\/\/martingagnon.net\/collection\/wp-json\/wp\/v2\/types\/page"}],"author":[{"embeddable":true,"href":"https:\/\/martingagnon.net\/collection\/wp-json\/wp\/v2\/users\/1"}],"replies":[{"embeddable":true,"href":"https:\/\/martingagnon.net\/collection\/wp-json\/wp\/v2\/comments?post=1705"}],"version-history":[{"count":13,"href":"https:\/\/martingagnon.net\/collection\/wp-json\/wp\/v2\/pages\/1705\/revisions"}],"predecessor-version":[{"id":1986,"href":"https:\/\/martingagnon.net\/collection\/wp-json\/wp\/v2\/pages\/1705\/revisions\/1986"}],"wp:attachment":[{"href":"https:\/\/martingagnon.net\/collection\/wp-json\/wp\/v2\/media?parent=1705"}],"curies":[{"name":"wp","href":"https:\/\/api.w.org\/{rel}","templated":true}]}}