{"id":65,"date":"2018-01-07T17:05:18","date_gmt":"2018-01-07T16:05:18","guid":{"rendered":"https:\/\/martingagnon.net\/collection\/?page_id=65"},"modified":"2025-06-30T00:39:28","modified_gmt":"2025-06-29T23:39:28","slug":"produits-veterinaires","status":"publish","type":"page","link":"https:\/\/martingagnon.net\/collection\/produits-veterinaires\/","title":{"rendered":"Produits v\u00e9t\u00e9rinaires"},"content":{"rendered":"<div class=\"groupe\">\n<h3 class=\"sous_titre\">La Cie Chimique de Joliette <span class=\"sous_titre_small\">(Joliette, QC)<\/span><\/h3>\n<div class=\"bloc_wrapper\">\n<div class=\"bouteille modele_1_vertical gauche\">\n<div class=\"titre_bouteille pleine_largeur\">La Cie Chimique de Joliette &#8211; Colic Cure du Prof. Vink<\/div>\n<p><img decoding=\"async\" src=\"..\/images\/ciechimiquejoliette_coliccure_vink.jpg\" width=\"426\"><\/p>\n<\/div>\n<p><br style=\"clear:both;\"><\/p>\n<\/div>\n<\/div>\n<div class=\"groupe\">\n<h3 class=\"sous_titre\">Dairy Association Co. <span class=\"sous_titre_small\">(Rock Island, QC)<\/span><\/h3>\n<div class=\"bloc_wrapper\">\n<div class=\"bouteille modele_2_horizontal gauche\">\n<div class=\"titre_bouteille pleine_largeur\">Dairy Association Co. &#8211; Caisse de transport Kow-Kure<\/div>\n<p><img decoding=\"async\" src=\"..\/images\/dairy_ass_kow-kure_caisse.jpg\" width=\"881\"><\/p>\n<\/div>\n<p><br style=\"clear:both;\"><\/p>\n<\/div>\n<\/div>\n<div class=\"groupe\">\n<h3 class=\"sous_titre\">Dr. A. C. Daniels <span class=\"sous_titre_small\">(Knowlton, QC)<\/span><\/h3>\n<div class=\"bloc_wrapper\">\n<div class=\"bouteille modele_1_vertical gauche\">\n<div class=\"titre_bouteille\">Dr. A. C. Daniels &#8211; Colic Drops<\/div>\n<p><img decoding=\"async\" src=\"..\/images\/daniels_colic_drops.JPG\" width=\"426\"><\/p>\n<\/div>\n<div class=\"bouteille modele_1_vertical droite\">\n<div class=\"titre_bouteille\">Dr. A. C. Daniels &#8211; Colic Cure<\/div>\n<p><img decoding=\"async\" src=\"..\/images\/dracdaniels_colic_cure.jpg\" width=\"426\"><\/p>\n<\/div>\n<p><br style=\"clear:both;\"><\/p>\n<\/div>\n<div class=\"bloc_wrapper\">\n<div class=\"bouteille modele_1_vertical gauche\">\n<div class=\"titre_bouteille\">Dr. A. C. Daniels &#8211; Triple Extract Hamamelis<\/div>\n<p><img decoding=\"async\" src=\"..\/images\/drdaniels_triple_extract.jpg\" width=\"426\"><\/p>\n<\/div>\n<p><br style=\"clear:both;\"><\/p>\n<\/div>\n<\/div>\n<div class=\"groupe\">\n<h3 class=\"sous_titre\">Elliman, Sons &amp; Co <span class=\"sous_titre_small\">(Slough, UK)<\/span><\/h3>\n<div class=\"bloc_wrapper\">\n<div class=\"bouteille modele_1_vertical gauche\">\n<div class=\"titre_bouteille\">Elliman, Sons &amp; Co &#8211; Royal Embrocation<\/div>\n<p><img decoding=\"async\" src=\"..\/images\/ellimans_royal_embrocation.jpg\" width=\"426\"><\/p>\n<\/div>\n<p><br style=\"clear:both;\"><\/p>\n<\/div>\n<\/div>\n<div class=\"groupe\">\n<h3 class=\"sous_titre\">Fleming Bros <span class=\"sous_titre_small\">(Toronto, ON)<\/span><\/h3>\n<div class=\"bloc_wrapper\">\n<div class=\"bouteille modele_1_vertical gauche\">\n<div class=\"titre_bouteille\">Fleming Bros &#8211; Colic Cure<\/div>\n<p><img decoding=\"async\" src=\"..\/images\/fleming_colic_cure.jpg\" width=\"426\"><\/p>\n<\/div>\n<div class=\"bouteille modele_1_vertical droite\">\n<div class=\"titre_bouteille\">Fleming Bros &#8211; Spavin Cure<\/div>\n<p><img decoding=\"async\" src=\"..\/images\/fleming_spavin_cure.jpg\" width=\"426\"><\/p>\n<\/div>\n<p><br style=\"clear:both;\"><\/p>\n<\/div>\n<\/div>\n<div class=\"groupe\">\n<h3 class=\"sous_titre\">Rem\u00e8des Frichon <span class=\"sous_titre_small\">(Lac-Fronti\u00e8re, QC)<\/span><\/h3>\n<div class=\"bloc_wrapper\">\n<div class=\"bouteille modele_1_vertical gauche\">\n<div class=\"titre_bouteille\">Rem\u00e8des Frichon &#8211; Livret publicitaire<\/div>\n<p><img decoding=\"async\" src=\"..\/images\/frichon_catalogue.jpg\" width=\"426\"><\/p>\n<\/div>\n<p><br style=\"clear:both;\"><\/p>\n<\/div>\n<\/div>\n<div class=\"groupe\">\n<h3 class=\"sous_titre\">La pharmacie v\u00e9t\u00e9rinaire du Dr Grignon <span class=\"sous_titre_small\">(Mont-Laurier, QC)<\/span><\/h3>\n<div class=\"bloc_wrapper\">\n<div class=\"bouteille modele_2_horizontal gauche\">\n<div class=\"titre_bouteille pleine_largeur\">La pharmacie v\u00e9t\u00e9rinaire du Dr Grignon &#8211; 36 bonnes prises contre le souffle, la gourme et la toux<\/div>\n<p><img decoding=\"async\" src=\"..\/images\/40434192302_4e1fec89a1_b.jpg\" width=\"881px\"><\/p>\n<\/div>\n<p><br style=\"clear:both;\"><\/p>\n<\/div>\n<div class=\"bloc_wrapper\">\n<div class=\"bouteille modele_1_vertical gauche\">\n<div class=\"titre_bouteille\">La pharmacie v\u00e9t\u00e9rinaire du Dr Grignon &#8211;<br \/>\nLivret publicitaire (1938)<\/div>\n<p><img decoding=\"async\" src=\"..\/images\/grignon_livre_dor_2.JPG\" width=\"426\"><\/p>\n<\/div>\n<div class=\"bouteille modele_1_vertical droite\">\n<div class=\"titre_bouteille\">La pharmacie v\u00e9t\u00e9rinaire du Dr Grignon &#8211;<br \/>\nLivret publicitaire (1948)<\/div>\n<p><img decoding=\"async\" src=\"..\/images\/36729610084_f96e8a9f7e_z.jpg\" width=\"426\"><\/p>\n<\/div>\n<p><br style=\"clear:both;\"><\/p>\n<\/div>\n<div class=\"bloc_wrapper\">\n<div class=\"bouteille modele_1_vertical gauche\">\n<div class=\"titre_bouteille\">La pharmacie v\u00e9t\u00e9rinaire du Dr Grignon &#8211;<br \/>\nElixir Gombault<\/div>\n<p><img decoding=\"async\" src=\"..\/images\/grignon_gombault.jpg\" width=\"426\"><\/p>\n<\/div>\n<p><br style=\"clear:both;\"><\/p>\n<\/div>\n<\/div>\n<div class=\"groupe\">\n<h3 class=\"sous_titre\">G.C. Hanford Mfg Co. <span class=\"sous_titre_small\">(Montr\u00e9al, QC)<\/span><\/h3>\n<div class=\"bloc_wrapper\">\n<div class=\"bouteille modele_1_vertical gauche\">\n<div class=\"titre_bouteille\">G.C. Hanford Mfg Co. &#8211; Sleekene<\/div>\n<p><img decoding=\"async\" src=\"..\/images\/39556943881_a9905ea8b7_z.jpg\" width=\"426\"><\/p>\n<\/div>\n<p><br style=\"clear:both;\"><\/p>\n<\/div>\n<\/div>\n<div class=\"groupe\">\n<h3 class=\"sous_titre\">International Stock Food Co. <span class=\"sous_titre_small\">(Toronto, ON)<\/span><\/h3>\n<div class=\"bloc_wrapper\">\n<div class=\"bouteille modele_1_vertical gauche\">\n<div class=\"titre_bouteille\">International Stock Food Co. &#8211; Louse Killer<\/div>\n<p><img decoding=\"async\" src=\"..\/images\/30943205768_d817d410bc_z.jpg\" width=\"426\"><\/p>\n<\/div>\n<div class=\"bouteille modele_1_vertical droite\">\n<div class=\"titre_bouteille\">International Stock Food Co. &#8211; Calendrier de gestation<\/div>\n<p><img decoding=\"async\" src=\"..\/images\/international_calendrier.JPG\" width=\"426\"><\/p>\n<\/div>\n<p><br style=\"clear:both;\"><\/p>\n<\/div>\n<\/div>\n<div class=\"groupe\">\n<h3 class=\"sous_titre\">Produits Jito <span class=\"sous_titre_small\">(Montr\u00e9al, QC)<\/span><\/h3>\n<div class=\"bloc_wrapper\">\n<div class=\"bouteille modele_1_vertical gauche\">\n<div class=\"titre_bouteille\">Produits Jito &#8211; Fenocol<\/div>\n<p><img decoding=\"async\" src=\"..\/images\/38061249325_686ab51950_z.jpg\" width=\"426\"><\/p>\n<\/div>\n<p><br style=\"clear:both;\"><\/p>\n<\/div>\n<\/div>\n<div class=\"groupe\">\n<h3 class=\"sous_titre\">B.J. Kendall Co. <span class=\"sous_titre_small\">(Enosburgh Falls, VT)<\/span><\/h3>\n<div class=\"bloc_wrapper\">\n<div class=\"bouteille modele_1_vertical gauche\">\n<div class=\"titre_bouteille\">B.J. Kendall Co.  &#8211; Kendall&rsquo;s Spavin Cure<\/div>\n<p><img decoding=\"async\" src=\"..\/images\/kendalls_spavin_cure_brun.jpg\" width=\"426\"><\/p>\n<\/div>\n<p><br style=\"clear:both;\"><\/p>\n<\/div>\n<\/div>\n<div class=\"groupe\">\n<h3 class=\"sous_titre\">Lawrence-Williams Co. <span class=\"sous_titre_small\">(Cleveland, OH)<\/span><\/h3>\n<div class=\"bloc_wrapper\">\n<div class=\"bouteille modele_1_vertical gauche\">\n<div class=\"titre_bouteille\">Lawrence-Williams Co. &#8211; Gombault&rsquo;s Caustic Balsam<\/div>\n<p><img decoding=\"async\" src=\"..\/images\/lawrence-williams_gombault.jpg\" width=\"426\"><\/p>\n<\/div>\n<p><br style=\"clear:both;\"><\/p>\n<\/div>\n<\/div>\n<div class=\"groupe\">\n<h3 class=\"sous_titre\">J. B. Morin <span class=\"sous_titre_small\">(Qu\u00e9bec, QC)<\/span><\/h3>\n<div class=\"bloc_wrapper\">\n<div class=\"bouteille modele_1_vertical gauche\">\n<div class=\"titre_bouteille\">J. B. Morin &#8211; Vigora<\/div>\n<p><img decoding=\"async\" src=\"..\/images\/jbmorin_vigora_bimal.JPG\" width=\"426\"><\/p>\n<\/div>\n<div class=\"bouteille modele_1_vertical droite\">\n<div class=\"titre_bouteille\">J. B. Morin &#8211; Vigora<\/div>\n<p><img decoding=\"async\" src=\"..\/images\/jbmorin_vigora_abm.JPG\" width=\"426\"><\/p>\n<\/div>\n<p><br style=\"clear:both;\"><\/p>\n<\/div>\n<\/div>\n<div class=\"groupe\">\n<h3 class=\"sous_titre\">M.R.C.V.S Chemical Works <span class=\"sous_titre_small\">(Berkhamster, UK)<\/span><\/h3>\n<div class=\"bloc_wrapper\">\n<div class=\"bouteille modele_2_horizontal gauche\">\n<div class=\"titre_bouteille pleine_largeur\">M.R.C.V.S Chemical Works &#8211; Cooper&rsquo;s Sheep Dipping Powder<\/div>\n<p><img decoding=\"async\" src=\"..\/images\/mrcvs_cooper_dipping_powder.JPG\" width=\"881\"><\/p>\n<\/div>\n<p><br style=\"clear:both;\"><\/p>\n<\/div>\n<\/div>\n<div class=\"groupe\">\n<h3 class=\"sous_titre\">National Stock Food Co. <span class=\"sous_titre_small\">(Ottawa, ON)<\/span><\/h3>\n<div class=\"bloc_wrapper\">\n<div class=\"bouteille modele_1_vertical gauche\">\n<div class=\"titre_bouteille\">National Stock Food Co. &#8211; Livret Veterina<\/div>\n<p><img decoding=\"async\" src=\"..\/images\/37836573894_db92a7fcd7_z.jpg\" width=\"426\"><\/p>\n<\/div>\n<p><br style=\"clear:both;\"><\/p>\n<\/div>\n<\/div>\n<div class=\"groupe\">\n<h3 class=\"sous_titre\">Produits v\u00e9t\u00e9rinaires Nicolle(s) <span class=\"sous_titre_small\">(Matane, QC)<\/span><\/h3>\n<div class=\"bloc_wrapper\">\n<div class=\"bouteille modele_1_vertical gauche\">\n<div class=\"titre_bouteille\">Produits v\u00e9t\u00e9rinaires Nicolles &#8211; Traitement r\u00e9g\u00e9n\u00e9rateur du Cheval<\/div>\n<p><img decoding=\"async\" src=\"..\/images\/nicolles_regenerateur_cheval.jpg\" width=\"426\"><\/p>\n<\/div>\n<div class=\"bouteille modele_1_vertical droite\">\n<div class=\"titre_bouteille\">Produits v\u00e9t\u00e9rinaires Nicolles &#8211; Le r\u00e9g\u00e9n\u00e9rateur de l&rsquo;esp\u00e8ce bovine<\/div>\n<p><img decoding=\"async\" src=\"..\/images\/nicolles_regenerateur_bovine.jpg\" width=\"426\"><\/p>\n<\/div>\n<p><br style=\"clear:both;\"><\/p>\n<\/div>\n<div class=\"bloc_wrapper\">\n<div class=\"bouteille modele_1_vertical gauche\">\n<div class=\"titre_bouteille\">Produits v\u00e9t\u00e9rinaires Nicolle &#8211; Alcool-cr\u00e9sil\u00e9<\/div>\n<p><img decoding=\"async\" src=\"..\/images\/produits_vete_nicolle_alcool-cresile.jpg\" width=\"426\"><\/p>\n<\/div>\n<p><br style=\"clear:both;\"><\/p>\n<\/div>\n<\/div>\n<div class=\"groupe\">\n<h3 class=\"sous_titre\">Rougier Fr\u00e8res <span class=\"sous_titre_small\">(Montr\u00e9al, QC)<\/span><\/h3>\n<div class=\"bloc_wrapper\">\n<div class=\"bouteille modele_1_vertical gauche\">\n<div class=\"titre_bouteille\">Rougier Fr\u00e8res &#8211; Liniment G\u00e9neau<\/div>\n<p><img decoding=\"async\" src=\"..\/images\/liniment_geneau.JPG\" width=\"426\"><\/p>\n<\/div>\n<p><br style=\"clear:both;\"><\/p>\n<\/div>\n<\/div>\n<div class=\"groupe\">\n<h3 class=\"sous_titre\">Troy Chemical Co. <span class=\"sous_titre_small\">(Binghamton, NY)<\/span><\/h3>\n<div class=\"bloc_wrapper\">\n<div class=\"bouteille modele_1_vertical gauche\">\n<div class=\"titre_bouteille\">Troy Chemical Co. &#8211; Save The Horse Spavin Cure<\/div>\n<p><img decoding=\"async\" src=\"..\/images\/troy_chemical_save_the_horse.jpg\" width=\"426\"><\/p>\n<\/div>\n<p><br style=\"clear:both;\"><\/p>\n<\/div>\n<\/div>\n<div class=\"groupe\">\n<h3 class=\"sous_titre\">Tuttle&rsquo;s Elixir Co. <span class=\"sous_titre_small\">(Farnham, QC)<\/span><\/h3>\n<div class=\"bloc_wrapper\">\n<div class=\"bouteille modele_1_vertical gauche\">\n<div class=\"titre_bouteille\">Tuttle&rsquo;s Elixir Co. &#8211; Tuttle&rsquo;s Elexer<\/div>\n<p><img decoding=\"async\" src=\"..\/images\/tuttles_elexer_emballage.JPG\" width=\"426\"><\/p>\n<\/div>\n<div class=\"bouteille modele_1_vertical droite\">\n<div class=\"titre_bouteille\">Tuttle&rsquo;s Elixir Co. &#8211; Tuttle&rsquo;s Elexer<\/div>\n<p><img decoding=\"async\" src=\"..\/images\/tuttles_elexer.jpg\" width=\"426\"><\/p>\n<\/div>\n<p><br style=\"clear:both;\"><\/p>\n<\/div>\n<\/div>\n<div class=\"groupe\">\n<h3 class=\"sous_titre\">W. F. Young <span class=\"sous_titre_small\">(Montr\u00e9al, QC)<\/span><\/h3>\n<div class=\"bloc_wrapper\">\n<div class=\"bouteille modele_1_vertical gauche\">\n<div class=\"titre_bouteille\">W. F. Young &#8211; Absorbine<\/div>\n<p><img decoding=\"async\" src=\"..\/images\/young_absorbine.jpg\" width=\"426\"><\/p>\n<\/div>\n<p><br style=\"clear:both;\"><\/p>\n<\/div>\n<\/div>\n","protected":false},"excerpt":{"rendered":"<p>La Cie Chimique de Joliette (Joliette, QC) La Cie Chimique de Joliette &#8211; Colic Cure du Prof. Vink Dairy Association Co. (Rock Island, QC) Dairy Association Co. &#8211; Caisse de transport Kow-Kure Dr. A. C. Daniels (Knowlton, QC) Dr. A. C. Daniels &#8211; Colic Drops Dr. A. C. Daniels &#8211; Colic Cure Dr. A. C. [&hellip;]<\/p>\n","protected":false},"author":1,"featured_media":0,"parent":0,"menu_order":0,"comment_status":"closed","ping_status":"closed","template":"","meta":{"footnotes":""},"class_list":["post-65","page","type-page","status-publish","hentry"],"_links":{"self":[{"href":"https:\/\/martingagnon.net\/collection\/wp-json\/wp\/v2\/pages\/65","targetHints":{"allow":["GET"]}}],"collection":[{"href":"https:\/\/martingagnon.net\/collection\/wp-json\/wp\/v2\/pages"}],"about":[{"href":"https:\/\/martingagnon.net\/collection\/wp-json\/wp\/v2\/types\/page"}],"author":[{"embeddable":true,"href":"https:\/\/martingagnon.net\/collection\/wp-json\/wp\/v2\/users\/1"}],"replies":[{"embeddable":true,"href":"https:\/\/martingagnon.net\/collection\/wp-json\/wp\/v2\/comments?post=65"}],"version-history":[{"count":25,"href":"https:\/\/martingagnon.net\/collection\/wp-json\/wp\/v2\/pages\/65\/revisions"}],"predecessor-version":[{"id":1861,"href":"https:\/\/martingagnon.net\/collection\/wp-json\/wp\/v2\/pages\/65\/revisions\/1861"}],"wp:attachment":[{"href":"https:\/\/martingagnon.net\/collection\/wp-json\/wp\/v2\/media?parent=65"}],"curies":[{"name":"wp","href":"https:\/\/api.w.org\/{rel}","templated":true}]}}